
True
Let t be (-4)/18 - 2/(-9). Suppose 5*s - 50 = -t*s. Is s a prime number?
False
Let r(a) = 5*a - 1. Let u(b) = -6*b. Let p(m) = -5*r(m) - 4*u(m). Let c be p(5). Suppose 5*g - 23 - 12 = c. Is g prime?
True
Let z = -39 + 24. Let v = -34 + 116. Let g = v + z. Is g a prime number?
True
Let h(d) = -16*d**3 - d**2 - d + 1. Let v be h(-2). Is 1/2*0 + v prime?
True
Let t be (-76)/(-5)*(-5 - 0). Let h = -85 + t. Let a = 228 + h. Is a composite?
False
Suppose -m - 60 = 62. Suppose 78 = -4*j - 190. Let z = j - m. Is z a composite number?
True
Suppose 4*m - 4316 = -0*o + 5*o, 3*m - 2*o - 3244 = 0. Suppose -y = 3*y - m. Is y a prime number?
True
Let w = 52 + 351. Is w prime?
False
Let h = 372 - -349. Is h prime?
False
Suppose 726 + 1664 = 2*j + 3*l, 4*l = 0. Is j prime?
False
Suppose -3*n = 38 - 839. Is n composite?
True
Suppose -h - 3 = 2*h. Is 4 + (h - 298)*-1 composite?
True
Let t = -171 - -434. Is t prime?
True
Suppose -q - 4*g - 126 = 0, g - 2*g - 554 = 5*q. Let l = 71 + q. Let i = -26 - l. Is i a composite number?
False
Suppose 0 = s - 2*s. Suppose -j = -s*j - 5. Suppose 0 = -j*v + 3*v + 254. Is v prime?
True
Suppose 3*p + 25 = -2*p. Let r(q) = -2*q + 3*q**2 + 0*q - 2 + 6 + 0*q**2. Is r(p) a composite number?
False
Suppose -h + 4*h + 3 = 0. Let f = 4 + h. Let k = 4 + f. Is k prime?
True
Let h be ((4 + -1)/(-1))/1. Let d = 28 + h. Is d a composite number?
True
Let d(b) = -b**3 - 7*b**2 - 8*b - 4. Let w be d(-6). Suppose 7*r - 14*r = -21. Is (761 - w)*1/r a composite number?
False
Is 30/42 - 1 - 12898/(-14) composite?
True
Let y = -144 - 162. Is 4/(-16) + y/(-8) composite?
True
Let l(g) = -g**3 + g**2 + g + 1. Let m be l(-1). Is m + 48/3 - -1 a composite number?
False
Let i = -10 - -12. Suppose -2*g = 2*c - 446, -4*c - i*g - 3*g + 896 = 0. Is c composite?
True
Let n = -32 - -169. Let d = 468 - n. Is d a composite number?
False
Let t be (8/10)/(2/10). Suppose 5*y + 3*n = 458, 3*y + t*n = 30 + 247. Is y a composite number?
True
Let g = 11 + -8. Suppose 25 = 5*u - 5*n, 4*u - g*n - 7 = 15. Is u composite?
False
Is 10/((-4)/2)*-3 a prime number?
False
Let n = -9 - -15. Suppose 3*d = n*d - 2865. Is d a composite number?
True
Let t = 300 - 87. Is t prime?
False
Let a(t) be the third derivative of 3*t**5/20 + t**4/24 - t**3/6 + t**2. Is a(6) a composite number?
True
Let x = -525 - -2096. Is x prime?
True
Suppose -n - 4*n + 2*a + 553 = 0, 3*a = 3. Is n prime?
False
Let n be -2 + 1 - (-4)/(-2). Let o = n - -6. Suppose -q + 4*t - o*t = -58, -2*t = 5*q - 269. Is q a prime number?
False
Suppose -2*q = -7*q + 5. Let v = q + 2. Is v composite?
False
Let f be (-1 - (-7)/2)*2. Suppose -f = -4*t - t. Is (-1)/3*(-363)/t prime?
False
Suppose -3*y - 100 = -5*o - 366, -5*y - 4*o = -431. Is y a prime number?
False
Let a = 229 - 161. Let v(k) = 5*k**2 - 2*k + 2. Let g be v(5). Let t = g - a. Is t composite?
True
Let x(q) = q**3 + 3*q**2 + 11. Is x(9) composite?
False
Suppose -3*s + 442 = -5*m, 0 = 2*s - 3*m - 328 + 32. Let f = -41 + s. Is f a composite number?
False
Let d = -11 - -20. Suppose d + 451 = 4*i. Suppose -5*s + 3*v + 229 + 258 = 0, s = 5*v + i. Is s a composite number?
True
Let j(a) = -95*a + 1. Suppose -4*n - 15 = -9*n. Suppose n*d + 3 = -3*c - 3, 4*c = 0. Is j(d) prime?
True
Is (-22)/(-33) + 11810/6 a prime number?
False
Suppose 3*y - 5*u - 270 = -2*y, -u - 5 = 0. Is y prime?
False
Let m = 2270 + -1569. Is m composite?
False
Let b be (-5)/(-1)*-1 - -1. Let r = 7 + b. Suppose -58 = -4*z - 4*q + 38, -5*q + 76 = r*z. Is z prime?
False
Is 638 + (-3)/(-1 - 0) prime?
True
Suppose -168 - 238 = -2*b + 4*f, 4*b - 3*f = 832. Is b composite?
False
Let k be -2*(0 + 1) - -370. Let a be 6/30 - k/(-10). Suppose a = 2*i - 5. Is i composite?
True
Let v = -170 + 325. Is v composite?
True
Suppose -v = 5*d - 5*v - 1527, -2*d + 622 = 4*v. Is d a prime number?
True
Let i(j) = 4*j**3 - 2*j**2 - 8*j - 1. Suppose -3*s - 2 = -20. Is i(s) a prime number?
True
Let h(y) = -y**3 - y**2 + 2*y. Let r(a) = -a**2 - a + 4. Let b be r(-3). Let d be h(b). Is (d/1)/3 - -25 a prime number?
False
Let w(n) = 7*n**3 - 3*n. Let m(z) = -34*z**3 + z**2 + 16*z - 1. Let c(a) = 2*m(a) + 11*w(a). Let x be c(2). Suppose -2*d + x = 2*d. Is d composite?
False
Suppose -2*d = -1698 + 516. Is d composite?
True
Let i = 523 - 312. Is i a prime number?
True
Let l(a) be the third derivative of -1/60*a**5 + 1/6*a**4 + 0 + 0*a - 2*a**2 + 0*a**3. Is l(3) prime?
True
Let z be 0 + (0 - -5) + -1. Suppose 0 = -5*x + 4*a + 281, 147 = z*x - x + 3*a. Is x prime?
True
Let t(h) = -h**2 - h + 127. Is t(0) a composite number?
False
Let x be (-50)/(-12) + 2/(-12). Let l = x + -2. Suppose 0 = 2*d, 3*d = -l*c - 15 + 59. Is c prime?
False
Is (-3006)/(-2)*3/9 a composite number?
True
Suppose 752 - 2887 = -5*k. Suppose 2*o + 45 - k = 0. Is o a prime number?
True
Let h(r) be the first derivative of r**3/3 - r**2/2 + 109*r - 3. Let c(g) = -g**3 + g**2. Let v be c(1). Is h(v) a prime number?
True
Suppose 0 = 2*i - 542 - 96. Is i composite?
True
Suppose -4*r + 1038 = d, 0 = 2*r - 0*r + 3*d - 524. Is r prime?
False
Suppose -1 = x - 5. Suppose 0 = -0*y - 5*y + 1905. Suppose -y = -x*d + d. Is d a prime number?
True
Suppose -3*g + 14 = -0*p + 2*p, 3*p + 3*g = 15. Is 13*p - (-2)/2 a prime number?
False
Suppose -4*w + 27 = -5*i, -2*i + 12 = -6*i. Let x(c) = -w*c - 1 + 0*c + 4 + c**2. Is x(-3) a composite number?
True
Let g(s) = s**2 - 3*s + 6. Is g(8) composite?
True
Suppose -3*x = -4*x - 3. Is (1 - 254)/(x/3) composite?
True
Let o(m) = -4*m + m + 2*m**3 - 5 - m + 4*m**2. Let f be o(4). Suppose 66 = 3*k - f. Is k a composite number?
False
Suppose 0 = 5*s - 2*l + 6*l - 20, 15 = 3*s + 3*l. Suppose 0 = -4*t - s + 12. Is 2/(t/((-762)/(-4))) prime?
True
Let k(g) = 83*g - 9. Is k(2) composite?
False
Suppose 60 = -7*n + 11*n. Is n prime?
False
Let v be 17/(-1 - -2)*3. Let d = -113 + v. Let t = 29 - d. Is t prime?
False
Let a(o) = 14*o**2 + 2*o + 4. Let v be a(-4). Let u = 3 + 0. Suppose -4*c - 5*j = -v, -188 = -2*c - u*j - 78. Is c composite?
True
Suppose -412 = 12*a - 16*a. Is a a prime number?
True
Let q(o) = -9*o + 2. Let c(x) = x**2 + 19*x - 5. Let g(z) = 2*c(z) + 5*q(z). Is g(5) composite?
True
Is 10090/14 + -2 + 4/14 a prime number?
True
Is ((-4)/12)/(2/(-2238)) a composite number?
False
Suppose 0*h + 4*a - 344 = -2*h, -4*h + 649 = -5*a. Let k = h - 77. Is k composite?
False
Is (-2)/(1 + 121/(-119)) a prime number?
False
Suppose -c + 5*k = -195, c - 159 = -2*k - 2*k. Suppose 385 + 220 = 5*d + 3*n, -243 = -2*d - n. Let v = c - d. Is v prime?
False
Let o = 158 + -19. Is o prime?
True
Let q = -49 + 103. Is 30066/q - (-2)/9 composite?
False
Let p(j) = -j - 5. Let a be p(-8). Let u(n) = 2*n - 4. Let b be u(a). Suppose -b*f = -f - 67. Is f a prime number?
True
Let d(a) = -491*a + 50. Is d(-9) composite?
True
Suppose n - 5*t = -n + 5, -4*n - 8 = -4*t. Let z(v) be the second derivative of -2*v**3/3 + v**2/2 + 10*v. Is z(n) prime?
False
Let d = -25 - -119. Let r = d - 35. Is r a composite number?
False
Let f = 1516 - 615. Is f a prime number?
False
Let k be (-4)/12 + (-62)/(-6). Let r be (685/k)/((-1)/(-2)). Suppose 722 = 5*t + n, t - 3*n - r = 17. Is t a prime number?
False
Let f be 0*3/(-9) + 113. Suppose l + 48 - f = 0. Is l composite?
True
Suppose 5*k - 335 = -0*k. Is k prime?
True
Let v be -3 - (-2 + 82*2). Let f = -56 - v. Is f composite?
False
Let p = -1233 - -1984. Is p prime?
True
Suppose -k = -6*k, 0 = 4*d + 5*k + 232. Let o = d - -89. Is o composite?
False
Let s = -292 + 670. Suppose -2*p + s = 4*y, 3*y + y = 4*p - 768. Is p a prime number?
True
Is (44/(-4))/((-1)/97) a prime number?
False
Let f = -3 - -5. Let n(l) = l**f - l**2 + 2 + l**2. Is n(-7) a prime number?
False
Suppose 0*l - 2*l = -614. Suppose 5*b + 7*o = 2*o + 380, -o + l = 4*b. Is b a composite number?
True
Let g = 14122 - 22870. Is (-2)/5 + g/(-45) prime?
False
Let j(z) = 67*z**2 - 11*z + 21. Is j(5) a composite number?
True
Let v(h) = 18*h**2 - 3*h - 1. Let w(n) = -n**2 + 7*n - 2. Let z be w(7). Let o be v(z). Suppose 0*j + j - o = 0. Is j composite?
True
Let m = -70 - -219. Is m prime?
True
Suppose 0 = d + 2 - 4. Suppose -4*t - 4*x + 5*x = -15, 3*x + 15 = d*t. Suppose 30 = t*f + 2*f. Is f a composite number?
True
Let o(b) = 25*b**2 + 4*b - 9. Is o(-8) a composite number?
Fa